= -205, a*w = 4 - 19. Is s a composite number?
False
Is ((-4)/(-8))/(-1)*-818 prime?
True
Let h(v) = 62*v + 12. Is h(7) a prime number?
False
Suppose -2 - 5 = -m. Let j = m - 5. Suppose -j*o + 89 = -3*y, 0*y + 3*y - 96 = -3*o. Is o a prime number?
True
Let a(i) be the first derivative of -3*i**2 + 9*i - 1. Let d be a(6). Let c = 11 - d. Is c a prime number?
False
Let s(y) = -1009*y**3 + 9*y**2 - 5*y - 2. Let n(h) = 1513*h**3 - 13*h**2 + 7*h + 3. Let p(u) = -5*n(u) - 7*s(u). Is p(-1) a composite number?
False
Suppose 2 + 1 = n. Let w = 13 + -8. Suppose 2*v + 323 = w*t, -n*t + v = -t - 129. Is t a prime number?
False
Suppose 4 = 5*l - 6. Suppose -3*c = -3*v - 60 - 105, -c = -l*v - 51. Is c a composite number?
False
Let u(r) = 3*r**2 + 47*r - 19. Is u(15) composite?
False
Suppose -6*s + 398 = 8. Is s a composite number?
True
Let m(h) = -h**3 + 9*h**2 + h + 5. Is m(8) a prime number?
False
Suppose -5*d + 703 = -c, -5*d = -2*c - 769 + 68. Let p = d - 38. Let v = -60 + p. Is v a composite number?
False
Let l be (-220)/(-35) + 4/(-14). Let w be (-8)/(-6)*l/(-4). Is (-1 - w - 3) + 35 prime?
False
Let h(y) = 0 - y + 1 + 4. Is h(-8) a prime number?
True
Suppose -4*x - 5*v = 11 + 1, 0 = -5*x - 3*v - 2. Suppose -x*h + 30 = -136. Suppose 2*r - h = 23. Is r prime?
True
Let k(a) = -1470*a - 1. Is k(-1) prime?
False
Let c be (-6)/(-4)*24/18. Suppose 0 = -c*n + 89 + 101. Is n a composite number?
True
Suppose 0 = 3*p - 1 + 4, -2*c + 2*p = -12. Suppose -c*l - 7 = 38. Is 2/(-9) + (-587)/l a prime number?
False
Let t = 3 + -1. Let r be (1 - -16 - t)*3. Suppose -r = s - 4*s. Is s prime?
False
Let y = -67 - -132. Is y composite?
True
Is -4 - (-251)/(4/4) a composite number?
True
Let y(p) = 249*p + 2. Is y(8) composite?
True
Suppose 5*m + 0 = 2*i - 3, 0 = 3*i + 3*m + 6. Is 1/2*(i + 143) composite?
False
Let v(h) = h**3 + 20*h**2 - 6*h + 12. Is v(-19) composite?
False
Let l be (-3)/4*(-1 + 5). Is (-3708)/(-45) - l/5 a prime number?
True
Let g(a) be the first derivative of a**2/2 + 8*a + 2. Is g(7) a composite number?
True
Let a = -10 + 25. Let m = a - 25. Is (-1)/(-2) + m/(-4) prime?
True
Let j(b) = 11*b**2 - 3*b + 3. Let p be j(-3). Suppose p = -u + 4*u. Is u composite?
False
Suppose -2*l - l = -3, 0 = 3*r + 2*l - 17. Suppose 4*i - 741 = -r*y, 0 = -3*i - 5*y - 79 + 641. Is i prime?
True
Let v(j) = 8*j**2. Let b be v(-1). Let h(c) = -c**3 + 12*c**2 - 3*c + 3. Let x be h(b). Suppose 3*s = -2*s + x. Is s composite?
False
Let i be 362 + ((-6)/2)/3. Suppose i = -2*p + 1071. Let w = p - 206. Is w composite?
False
Is 5/(-2)*(-372)/10 a prime number?
False
Suppose 4*m - 6*c - 34550 = -4*c, -5*c = 4*m - 34543. Is m composite?
True
Suppose 3*j + 1063 = 7*j - r, -5*j + r + 1328 = 0. Is j a composite number?
True
Let h(r) be the first derivative of 10*r**3/3 + r**2/2 + r + 5. Is h(-6) a composite number?
True
Suppose 5*u - 15403 = 5*n - 8*n, 3*n - 15383 = 5*u. Is n a prime number?
False
Suppose -5*u + 549 = 5*h - 926, -3*h + 883 = 2*u. Is h a composite number?
False
Let l = 247 - 55. Let d = 379 - l. Is d prime?
False
Let z(k) = 11*k**2 + 10*k + 3. Is z(8) a prime number?
True
Let f = -2 - -2. Let o = 2 + f. Is -7*5*(1 - o) composite?
True
Suppose 5*m - 18 = 3*n, 3*n = -4*m + 7*n + 16. Let d(z) = 28 - z + 25 + 0*z**3 - z**m - z**2. Is d(0) prime?
True
Let f = 103 + 30. Let c = -252 + 170. Let p = f + c. Is p a composite number?
True
Let u = -4 - -11. Is u a composite number?
False
Suppose 4*z = 3*s - 92, 2*s + 2*s + 2*z - 130 = 0. Suppose 4*i = s + 28. Is i a prime number?
False
Let p = -6 + 9. Suppose p*t - 9 + 3 = 0. Suppose 0 = -t*i + 290 + 36. Is i composite?
False
Suppose -2*k = -a - 6*k + 521, 1563 = 3*a + 2*k. Is a prime?
True
Suppose -y = 4*y - 2410. Suppose 5*s = -25, y = 2*l + 5*s + 97. Is l a composite number?
True
Let w = 2 - -2. Suppose 4*l = -5*d - 58, -2*l + 7*l - 71 = w*d. Is (10/(-4) - 3)*d a composite number?
True
Suppose 6*x = 5*x + 2. Is ((-18)/(-4) - x)*46 prime?
False
Suppose d = -3*d + 312. Let r = -35 + d. Suppose -4*z + 5*t - 2 = -3*z, -z - 4*t + r = 0. Is z prime?
True
Let x(b) = 0*b**2 + 2*b - 2*b**2 + 0*b**2. Let d be x(2). Is (d + -7)/(0 - 1) a prime number?
True
Suppose -1206 = -5*q - d + 564, 1075 = 3*q - 2*d. Is q prime?
False
Let k = 3 + -1. Suppose 3*u + 3 = -y, 0 = -k*y + 3*y + 2*u. Is y a composite number?
True
Let t(l) = 67*l**2 + 28*l + 14. Is t(7) a composite number?
True
Let d(h) be the third derivative of h**7/1260 + 7*h**6/720 - h**5/40 - h**4/8 + 3*h**2. Let q(w) be the second derivative of d(w). Is q(-8) a prime number?
False
Let k(i) = i + 9. Let r be k(-10). Is (r - -418) + 1 + 1 composite?
False
Let y(t) = t**2 - 6*t + 6. Let a be y(5). Is a/((12/(-201))/(-4)) a prime number?
True
Suppose -5*y + 670 = 3*q + 52, -2*q + 4*y = -434. Is q a prime number?
True
Let g(m) = -m**2 - 7*m - 2. Let u be g(-6). Suppose 9*z - 1055 = u*z. Is z a prime number?
True
Suppose 6*r - 22 = r - 3*m, 2*r = -m + 9. Suppose r*u - 2810 = -955. Is u a prime number?
False
Let x be 40 + (-6)/(12/(-4)). Suppose d - x = 27. Is d prime?
False
Let c(a) = a + 2. Let z be c(2). Suppose 165 = g + z*g. Is g a prime number?
False
Let b be (1 - 3) + -2 + 8. Suppose -b*j + 75 = m, 2*j + 2*j - 336 = -4*m. Suppose -m = -4*s + 61. Is s a prime number?
True
Suppose 4*v - 78 = -3*n, 0 = -4*v - 5*n - 32 + 106. Is v composite?
True
Suppose 5*o + 5 = 0, -w + o - 2*o + 2 = 0. Suppose -2*a = w*a - 265. Is a a prime number?
True
Let c = 71 + 332. Suppose -177 = -4*q + c. Is q a composite number?
True
Let q = -2 + -1. Is q/(-2)*894/9 composite?
False
Let n be ((-1)/(-2))/((-1)/(-6)). Let q = 53 - 51. Suppose n*h - 144 = 3*c, 4*c + 33 + 65 = q*h. Is h prime?
True
Let n(a) = a - 5. Let d be n(5). Suppose l = 2 - d. Suppose 150 = 3*w - p, l*w - 5*w + 132 = 5*p. Is w composite?
True
Suppose 14*u - 16*u = 0. Suppose u = -3*r + 469 - 112. Is r composite?
True
Let k = -1 + -5. Let r(g) = 5*g - 8. Let b be r(k). Is (b/4)/((-4)/8) prime?
True
Let u be 1/((-3)/(-48)) - 0. Is u/24 + (-890)/(-6) prime?
True
Let x be 46/14 - 2/7. Suppose -x*s = -2*c - 1 - 10, -5*s - c + 27 = 0. Suppose k = -3*k - p + 76, -s*p = -5*k + 95. Is k composite?
False
Let o be (-8)/(-6)*732/(-8). Let x = o - -277. Is x a composite number?
True
Let k be (-2 - (10 - 1))/1. Let n = 70 + -32. Let f = n - k. Is f a prime number?
False
Let k(z) = -16*z - 3. Let i be k(3). Let s = i - -134. Is s a composite number?
False
Let j(q) = -95*q**3 + q**2 + q + 2. Let b be j(-2). Suppose -2*x + b = 2*x. Is x a composite number?
False
Let f(u) be the third derivative of 7*u**5/20 - u**4/24 - u**3/6 + 4*u**2. Is f(-1) composite?
True
Let d(i) = 3 + 19*i + 5 + 3 - 3*i**2 - 2. Let z(v) = 2*v**2 - 18*v - 8. Let l(w) = 3*d(w) + 4*z(w). Is l(-6) a prime number?
False
Let f be 30*(0 + (-2)/(-6)). Is ((-485)/f)/((-2)/4) composite?
False
Let d = 4 + -6. Let m = d - -21. Is m prime?
True
Suppose 2*g - k - 2*k = 213, 4*k = -g + 123. Let p = 162 - g. Is p composite?
True
Suppose 7*u - 6*u = i + 5, 0 = 2*u + 2*i + 2. Suppose -8*v = -u*v - 5442. Is v a prime number?
True
Let s = 26 + -23. Suppose -3*z - 2*z + 471 = q, 0 = 3*q + s*z - 1401. Is q a prime number?
False
Let a = 513 + -246. Suppose -9*z + 12*z = a. Is z a composite number?
False
Let j(d) = 53*d - 11. Let x be (-18)/8*(-40)/15. Is j(x) composite?
False
Suppose 256 = 4*j - 4*o, j = 5*o - 0*o + 84. Is j a composite number?
False
Suppose 3*b - 16 = -64. Let q = 31 + b. Is q prime?
False
Let v = -2 + 6. Let c(k) = 2*k**3 + k**2 + 2*k + 5. Is c(v) a prime number?
True
Let g(l) = 258*l**2 + 2*l + 1. Is g(-1) composite?
False
Suppose -567 = -t - 2*t - l, -l + 191 = t. Let u = t + -47. Is u composite?
True
Let n(q) = 6*q**3 + q**2 + 2*q + 1. Let g be n(-1). Is 1870/51 + (-2)/g a composite number?
False
Suppose -5*w - 25 = -0*w, 2*x - 151 = -w. Suppose 0 = -4*n + x + 42. Let c = -7 + n. Is c a prime number?
True
Let h(n) = 6*n**2 - 4*n**2 - n**2 + 9*n - 9 + n**2. Is h(-8) a prime number?
True
Suppose 0 = -v - 2*g + 189, -2*v + 2*g - 5*g = -375. Suppose 70 = -q + v. Suppose 0 = -3*o + q - 20. Is o a composite number?
False
Let a = -4 + 7. Suppose -4 - 143 = -a*w. Is w a prime number?
False
Let g = 260 - 127. Is g composite?
True
Let v(y) = -y**3 + 3*y**2 + 2. Let o be v(3). Let d(a) = a**3 - 4*a